lse
Is 899051 composite?
False
Is 7354771 composite?
True
Is 470738729 prime?
False
Is 29529803 a prime number?
True
Is 2486951 a composite number?
False
Is 5176973 prime?
True
Is 106424047 prime?
True
Is 2568061 a composite number?
False
Is 6897679 a composite number?
True
Is 5350855 prime?
False
Is 36429467 a prime number?
False
Is 31322737 a composite number?
True
Is 308459 prime?
False
Is 54192989 a composite number?
False
Is 13479559 prime?
True
Is 73061785 a composite number?
True
Is 7786907 composite?
False
Is 14068499 prime?
True
Is 11286953 prime?
False
Is 5917451 a prime number?
True
Is 71861459 composite?
False
Is 43866253 a prime number?
True
Is 68386259 a composite number?
False
Is 19552417 composite?
True
Is 550457657 composite?
False
Is 9223639 composite?
True
Is 8017397 composite?
True
Is 135615121 composite?
True
Is 210059 prime?
False
Is 204845527 composite?
False
Is 31856737 a prime number?
False
Is 146434723 a composite number?
True
Is 2212627 composite?
False
Is 293143 composite?
True
Is 6856999 a prime number?
True
Is 9287043 prime?
False
Is 669551 composite?
False
Is 49376638 composite?
True
Is 44683967 a composite number?
False
Is 1303699 prime?
False
Is 2149853 a composite number?
False
Is 142768501 prime?
True
Is 788279 composite?
True
Is 543021013 a composite number?
False
Is 2840563 a prime number?
False
Is 3708951 a prime number?
False
Is 1360897 a prime number?
False
Is 17067511 a prime number?
True
Is 374161 a prime number?
False
Is 14276291 prime?
True
Is 26141537 composite?
False
Is 3935863 prime?
False
Is 2216699 composite?
False
Is 16164793 a prime number?
True
Is 33396185 composite?
True
Is 171331 prime?
False
Is 3246101 prime?
True
Is 60508291 a prime number?
True
Is 840733 a prime number?
True
Is 1866302 composite?
True
Is 6767153 a prime number?
True
Is 551333 a composite number?
True
Is 122886299 composite?
False
Is 230539 prime?
True
Is 158959 a composite number?
False
Is 86668349 a composite number?
True
Is 132388723 prime?
True
Is 70756327 a composite number?
True
Is 299259251 composite?
True
Is 18284577 a prime number?
False
Is 59713363 a prime number?
True
Is 20947469 composite?
False
Is 9333859 composite?
True
Is 5577707 a composite number?
True
Is 2287331 composite?
True
Is 31540709 a prime number?
True
Is 136627987 a composite number?
True
Is 37295681 prime?
True
Is 5049511 a composite number?
False
Is 3643498 a composite number?
True
Is 1518863 prime?
True
Is 367640209 composite?
False
Is 1957181 composite?
True
Is 432940709 composite?
False
Is 269295659 a prime number?
True
Is 4442201 prime?
False
Is 74488901 composite?
True
Is 3764591 a composite number?
False
Is 21135115 prime?
False
Is 1057841501 prime?
True
Is 6242389 a composite number?
True
Is 47487509 prime?
True
Is 63029891 prime?
True
Is 59108899 a prime number?
False
Is 28369553 prime?
True
Is 276569459 a prime number?
True
Is 2279363 prime?
True
Is 32323615 composite?
True
Is 598119 a composite number?
True
Is 33424423 prime?
False
Is 19988561 a prime number?
False
Is 561019 composite?
False
Is 335057 a prime number?
True
Is 198004759 composite?
True
Is 14860213 a prime number?
True
Is 221457499 a prime number?
False
Is 7793647 composite?
False
Is 46700609 a prime number?
False
Is 1636231 a prime number?
True
Is 3192701 a prime number?
False
Is 668190691 a composite number?
True
Is 45426911 composite?
False
Is 14665399 a composite number?
True
Is 6978773 composite?
True
Is 6336381 a composite number?
True
Is 112133467 a composite number?
True
Is 2290019 a composite number?
True
Is 21929399 a composite number?
True
Is 2068109 a composite number?
False
Is 5390587 composite?
False
Is 5957066 composite?
True
Is 157945511 a prime number?
True
Is 6815386 prime?
False
Is 696352889 a prime number?
True
Is 190687649 composite?
True
Is 476831 a prime number?
True
Is 639185741 a composite number?
True
Is 146623237 prime?
False
Is 17437389 a prime number?
False
Is 52822243 a prime number?
True
Is 129076037 a prime number?
True
Is 87778 a prime number?
False
Is 245099 prime?
False
Is 1891303 prime?
True
Is 173664259 prime?
True
Is 2394001 a composite number?
True
Is 1189829 prime?
False
Is 95311669 a composite number?
False
Is 248168483 a prime number?
True
Is 676447 a composite number?
True
Is 216750377 prime?
True
Is 5995915 composite?
True
Is 13836727 a composite number?
False
Is 323532311 a prime number?
True
Is 570335 composite?
True
Is 4192477 a composite number?
False
Is 1351339 composite?
True
Is 98610107 a prime number?
True
Is 37777217 prime?
True
Is 4676711 composite?
True
Is 110290243 a prime number?
False
Is 167454871 a composite number?
False
Is 3049153 a prime number?
True
Is 114687047 prime?
True
Is 112496819 prime?
False
Is 2087203 composite?
False
Is 18049831 composite?
False
Is 12304829 prime?
True
Is 234716303 composite?
False
Is 21542413 composite?
False
Is 156364049 composite?
False
Is 178603994 prime?
False
Is 1088203 a composite number?
True
Is 15801223 prime?
True
Is 911063 a prime number?
True
Is 383393 a composite number?
False
Is 19192721 composite?
False
Is 4212227 a composite number?
False
Is 1003087 composite?
False
Is 181391083 a prime number?
True
Is 2845729 composite?
True
Is 104904307 prime?
True
Is 7223521 a prime number?
False
Is 2582779 a composite number?
False
Is 472964371 a composite number?
True
Is 8887829 prime?
False
Is 258367721 composite?
False
Is 241163213 prime?
False
Is 6570983 composite?
True
Is 2229371 composite?
False
Is 3163793 a composite number?
False
Is 56016079 composite?
True
Is 189591203 prime?
True
Is 246271351 a prime number?
True
Is 4891823 composite?
False
Is 40227977 prime?
True
Is 802231 a prime number?
True
Is 45260539 composite?
True
Is 5206783 a prime number?
True
Is 14127913 composite?
False
Is 85846927 composite?
False
Is 20357473 a composite number?
True
Is 42371201 composite?
False
Is 12024709 composite?
True
Is 19114705 a composite number?
True
Is 2099005 composite?
True
Is 713120263 prime?
True
Is 3019165 prime?
False
Is 526171 a composite number?
True
Is 21036671 composite?
False
Is 10211783 a prime number?
True
Is 685819 a prime number?
True
Is 8312441 a prime number?
True
Is 209603 prime?
False
Is 4617941 composite?
False
Is 5754013 composite?
False
Is 2372179 prime?
True
Is 209733701 a composite number?
False
Is 350569283 composite?
True
Is 358331 composite?
False
Is 150878113 composite?
False
Is 129880801 prime?
False
Is 202555811 a prime number?
True
Is 72323309 a prime number?
True
Is 191711209 a prime number?
True
Is 1436849 prime?
True
Is 27680371 prime?
False
Is 469519 composite?
True
Is 4767346 a composite number?
True
Is 180847577 prime?
False
Is 38763187 a prime number?
True
Is 13122107 a composite number?
True
Is 6681673 a composite number?
True
Is 1127071 a composite number?
True
Is 8547767 a prime number?
True
Is 1247693 composite?
False
Is 362692907 a prime number?
False
Is 8501893 a composite number?
False
Is 755181197 prime?
True
Is 1806631 a composite number?
False
Is 5048647 prime?
True
Is 2349166 composite?
True
Is 32085777 prime?
False
Is 165764003 composite?
False
Is 438690097 prime?
True
Is 4444199 prime?
False
Is 21086581 a composite number?
False
Is 188007629 composite?
False
Is 144161 prime?
True
Is 390917 prime?
False
Is 16955611 a prime number?
True
Is 3042391 a prime number?
False
Is 6082301 a composite number?
False
Is 643919 prime?
True
Is 3385009 a prime number?
False
Is 268759319 composite?
True
Is 94311823 a composite number?
False
Is 12810349 prime?
True
Is 1816651 prime?
True
Is 98329307 a composite number?
False
Is 400481 composite?
False
Is 55846573 a composite number?
True
Is 939073 a prime number?
False
Is 153591149 a composite number?
False
Is 2876603 composite?
False
Is 23455153 composite?
False
Is 12935801 composite?
False
Is 121261069 a prime number?
True
Is 4918855 a composite number?
True
Is 49289599 prime?
True
Is 97824899 a composite number?
False
Is 105591905 a prime number?
False
Is 16615523 a composite number?
False
Is 123642007 prime?
False
Is 3356641 composite?
False
Is 9602059 composite?
True
Is 2471927 prime?
True
Is 161153 composite?
True
Is 10614269 a prime number?
False
Is 59870273 prime?
False
Is 13941463 a c